ber?
True
Let y(a) = -a**3 + 23*a**2 - 28*a + 41. Is y(19) composite?
False
Let i = -74 + 87. Suppose 2849 - 19554 = -i*r. Is r a composite number?
True
Let j(s) = -s**3 + 7*s - 2. Let b be j(-3). Suppose -4305 = b*f - 2*d - 12941, 0 = 3*f + 2*d - 6477. Is f a composite number?
True
Let l = -24 - -27. Suppose l*f + 2*f = 1495. Is f a prime number?
False
Suppose 5*f = -5*n + 31010, 4*f - 9*n - 24783 = -8*n. Is f a composite number?
False
Let p(b) = -b**2 - 12*b - 24. Let m be p(-11). Is ((-8290)/(-26))/1 - 2/m prime?
False
Let i be 44 - 3/9*6. Suppose 2*a - 6*a = 2*l - i, -5*a + 39 = -2*l. Suppose -a*h + 11*h = 28. Is h a prime number?
False
Suppose 4*x - 4186 = 6030. Is x composite?
True
Let g = 1103 - 666. Is ((-4)/4)/((-1)/g) prime?
False
Let k = 28 + 91. Is 0 - k*1*(-3 - -2) prime?
False
Suppose 79072 + 37523 = 9*b. Is b a composite number?
True
Is 4 - 1/(3/(-2451)) composite?
False
Let r(s) = s**3 + 3*s**2 - s + 3. Let g be r(-3). Suppose 0 = -3*o + g*o - p - 13, 0 = 4*o - p - 16. Suppose 0 = o*b - 2*b - 307. Is b a composite number?
False
Suppose -6*p = 3*t - 7*p - 1243, 3*t = -p + 1241. Let s be 2 - 4/((-8)/(-426)). Let g = s + t. Is g composite?
True
Let u(l) = -355*l - 4. Let o be u(-4). Suppose 4*y = 1652 + o. Is y a composite number?
True
Let g = 17 + 0. Let f(o) = 9*o**2 - 14*o + 30. Is f(g) a prime number?
True
Let s = 5481 + -2411. Suppose -x + 1496 = -3*j, -2*j - 38 = 2*x - s. Is x a composite number?
False
Let m be (-1654)/(-14) - 8/56. Suppose -5*b + 10*b = -4*y - m, y + 38 = 3*b. Let n = y + 65. Is n a prime number?
False
Let j(w) = -w**3 - 6*w**2 - 3*w - 13. Let p(d) = -d**3 - 5*d**2 - 2*d - 13. Let a(n) = 2*j(n) - 3*p(n). Is a(6) a composite number?
False
Suppose -v - 3*k = -5401, -18893 = -4*v - 2*k + 2711. Suppose -5407 = -3*a - 2*l, -v = -6*a + 3*a + l. Is a a composite number?
False
Let d(c) = c**2 - 3*c - 6. Let o be d(4). Let t = -2 - o. Is 1 + (-2016 - t)/(-3) composite?
False
Let p = 985 - 906. Is p a composite number?
False
Let i = 12 + -20. Let d = i - -12. Suppose 3*x + 2*x - 627 = d*r, 0 = -3*x + 3*r + 375. Is x composite?
False
Let v(j) = j - 4. Let k be v(8). Suppose -2*m - 7420 = 3*m + 4*p, m = k*p - 1460. Is m/(-7) - (-3)/(-7) a prime number?
True
Let q(b) be the third derivative of -b**5/60 + b**4/3 - b**3/3 + 2*b**2. Let p be q(5). Let l = p + 42. Is l composite?
True
Suppose 0 = -0*b + 24*b - 365496. Is b prime?
False
Let f be 2291/7 + 16/(-56). Suppose -a + f = 4*i, -a + 6*a + 4*i = 1651. Is a prime?
True
Suppose u - 55 = -1271. Let y = -623 - u. Is y a composite number?
False
Let q = -44 - -54. Suppose q*m - 17065 = 3645. Is m composite?
True
Suppose -2*f + i + 3274 = 0, 5*f + 4*i - 1965 = 6220. Is f a prime number?
True
Let t(s) = -s**3 - 9*s**2 + 11*s - 8. Let i(g) = -5*g + 1. Let q be i(-2). Suppose 44 = -5*j - q. Is t(j) prime?
True
Suppose -6*m - 2*u - 10027 = -9*m, -3*m + 4*u + 10025 = 0. Is m a composite number?
False
Let p = -8 - -6. Let c be (10/(-5))/(p/(-3)). Is c/(-6)*4 - -57 prime?
True
Suppose 250*x - 19030 = 240*x. Is x composite?
True
Let g(s) = s**3 - 15*s**2 + 15*s + 1. Let a be g(13). Let d = a + 253. Is d a prime number?
False
Is ((-4)/22 + (-1241793)/(-77))/1 composite?
False
Let y = -26 + 29. Suppose 7*o = -y*o + 790. Is o prime?
True
Let z(y) = 3*y**3 - 7*y**2 - 12*y - 15. Suppose 2*j + 4 - 26 = 0. Is z(j) composite?
False
Let i(o) = 1357*o + 12. Let d be i(3). Suppose d = j + 2*j. Is j a prime number?
True
Let j be (-2)/((-4)/(-6)) + 0. Let q(z) = -2*z + 30. Let c be q(12). Is c/6 + (-4626)/j a composite number?
False
Suppose 2*r - 4*k = -5699 + 64105, -4*r = 2*k - 116802. Is r prime?
True
Is -6*(-4 + 109220/(-24)) composite?
False
Let k(j) = 950*j + 11. Suppose 2*y + 2*y - 2*r - 8 = 0, y = -5*r + 13. Is k(y) composite?
False
Let n(t) = 181*t + 33. Is n(2) a prime number?
False
Is (-120)/20 + 4/((-12)/(-17331)) composite?
True
Suppose -12*o + 8*o + 4757 = 5*y, 3*y = -4*o + 2859. Is y a composite number?
True
Let x = 1533 - 885. Let p = x - -190. Is p composite?
True
Is (-13 - -4) + 2*2894 a prime number?
True
Let c be (-3 - 28/(-8))/(3/1572). Suppose -1777 + c = -3*x. Is x prime?
False
Suppose 0 = -2*u + 11711 - 1699. Is u a prime number?
False
Suppose 25002 - 216492 = -30*a. Is a prime?
False
Suppose 0 = -3*p + 7*p - 12. Let j(c) = 98*c + 13. Is j(p) a composite number?
False
Is (14/4)/((-35)/(-350)) prime?
False
Suppose -10923 - 49721 = -4*f. Is f composite?
False
Let k = 198619 + -115678. Is k a prime number?
False
Let i = 2947 - 638. Is i prime?
True
Let l(o) = o**3 + 6*o**2 + 7*o + 4. Let c be l(-4). Let h be (-6)/c*(4 - 168). Suppose 5*z = h + 1472. Is z a composite number?
True
Let k = 17 + -14. Let c be (-10)/(-8)*8/1. Suppose -285 = -k*y - 3*h, -2*y = 3*h + c - 198. Is y a prime number?
True
Suppose 4*m + 5*i - 28511 = 0, 3*i + i - 7125 = -m. Is m prime?
True
Let w = 1 + 4. Let l = 8 + -5. Suppose -2*o = -3*v + 3*o + 152, 0 = w*v - l*o - 280. Is v a composite number?
False
Let x(z) be the second derivative of 1/5*z**5 - 1/3*z**4 - 2*z + 0 + 1/2*z**3 + z**2. Is x(3) prime?
True
Suppose 5*b - 8*b + 17184 = 0. Suppose -q + 0*k - k = -1430, 4*q = -2*k + b. Suppose -s - 3*s - 2149 = -3*j, -2*j + 2*s + q = 0. Is j composite?
False
Suppose -8*l + 4 = -20. Suppose -5*z + 1739 - 217 = l*p, 4*p + 4*z = 2016. Is p a composite number?
False
Let f(k) = 339*k**2 + 21*k - 125. Is f(6) composite?
True
Suppose -3*c - 632 = -7*c. Let y = c - -16. Suppose -r = 56 - y. Is r a prime number?
False
Let y(q) = q**2 + 5*q + 5. Let r be y(-5). Suppose -4*p + 307 = 5*n, r*n - 145 = 4*p - 502. Is p a prime number?
True
Let u = 30 + -27. Suppose 0*q - u*q + 1179 = 0. Let c = q - 212. Is c composite?
False
Let s = -66 - -565. Is s a prime number?
True
Is 528412/(-14)*6*63/(-108) prime?
True
Let r = 664 + -173. Is r a prime number?
True
Suppose 0 = 8*n - 10*n + 34. Let s be n/(2 - 13/7). Suppose -s = -4*m + 177. Is m a prime number?
False
Let w(p) = -p**3 - 4*p**2 + 3*p. Let y(t) = t**2 - t + 1. Let k(x) = w(x) + 4*y(x). Let c be k(0). Suppose -4*r - r + 28 = b, -2*b = c*r - 38. Is b composite?
False
Let x = 1949 - 1310. Suppose -332 - x = -h. Is h prime?
True
Let t(a) = -44*a + 9. Let g be t(4). Let p = 152 - g. Is p a composite number?
True
Suppose 3 = -3*k + 6. Let y = -161 + 285. Let m = y - k. Is m a prime number?
False
Suppose 2*r = -4*j + 18, 8*r = -5*j + 4*r + 21. Suppose -j*f = -2143 + 168. Is f prime?
False
Let s be -293*2/(-10)*-5. Let l = 880 + s. Is l a composite number?
False
Let r(g) = 10*g**2 + 4*g + 3. Let f(z) = -10*z**2 - 5*z - 2. Let y(k) = 4*f(k) + 5*r(k). Is y(-5) composite?
False
Let a = 273 + -188. Is 2/5 + 27676/a a prime number?
False
Let a(p) be the second derivative of -215*p**3/6 + 2*p**2 + 8*p. Is a(-5) prime?
False
Let g(b) = -b**2 + 9*b - 19. Let c be g(6). Let v(l) = -21*l**3 - 2*l**2 - l + 1. Is v(c) a prime number?
False
Is (-3 + -7)/5 + 3391 composite?
False
Let f(q) = -q**3 - 5*q**2 - 4*q + 3. Let r be f(-3). Let t(g) = g**3 + 4*g**2 - g - 1. Is t(r) prime?
True
Suppose 4*g - 8913 = y, -5*g + 4*y = -y - 11130. Suppose -5*w = -2*w - g. Is w prime?
True
Let y = -1046 - -1345. Is y prime?
False
Let k = -14 - -17. Let b be k - 11/((-22)/84). Let r = b - 23. Is r a prime number?
False
Let l(q) = q**3 + 8*q**2 + 5*q + 2. Let x be l(-7). Suppose j + 3*j = x. Suppose 0 = -5*c + 3*a + 1686, -j*a - 648 = 5*c - 2355. Is c a composite number?
True
Suppose -7*r = -6*r - 27223. Is r a composite number?
True
Let m(i) = 319*i - 24. Suppose 2*t + t = 15. Is m(t) a prime number?
True
Let k be (-14)/(-3) - (-1)/3. Suppose -10*s = -1312 - 1178. Suppose k*b - 225 = 5*o, -5*b - 2*o + o + s = 0. Is b a composite number?
True
Suppose -1 = 2*g + 1. Is (-2)/((-8)/1677) + g/4 a prime number?
True
Suppose 0 = 14*u + 14246 - 98232. Is u composite?
True
Suppose 2*n + 2*i - 23 = 7*i, 0 = 3*n + i - 9. Is ((-4)/(-8))/(n/1016) composite?
False
Suppose -4*r = -2*r + 756. Let t = -229 - r. Is t composite?
False
Let a = 50 - 755. Is (-11 - a)*(-1)/(-2) a prime number?
True
Suppose 5 = 5*l - 30. Suppose 0 = -h + r + 410, -2*h = -l*h - 5*r + 2040. Is h a prime number?
True
Let a be -11*(-45)/(-2 + 3). Let f = a - -974. Is f a prime number?
False
Suppose 3*y - 5*i - 239 = 0, 5*y = -4*i - 0*i + 423. L